6).
2, 7
Let n = -190 + 293. Suppose 104*j = n*j + 348. List the prime factors of j.
2, 3, 29
Let f(b) = -b**3 + 11*b**2 - 12*b - 13. Suppose 7*p + 30 + 12 = 0. Let c be (p/(-2))/(6/18). What are the prime factors of f(c)?
41
Let o be (25 - -3)/((-2)/(-4)*4). Suppose 7*u + o = 14*u. Suppose 0 = 2*t + u*a - 324, -2*t - 3*a = -6*t + 627. What are the prime factors of t?
3, 53
Suppose -k = -4*s - 4*k + 96, 5*s = 4*k + 89. Let g be 0 - 2/(-3)*3. What are the prime factors of 1/(g/274) - 0/s?
137
Let d = 178 - 314. List the prime factors of ((-204)/d)/(0 + (-1)/(-90)).
3, 5
Let s = -91 + 75. Let u = s + 478. What are the prime factors of u?
2, 3, 7, 11
Suppose -5*n + 34840 = 5*u, 0 = -u + 38 - 36. List the prime factors of n.
2, 3, 43
Let d(g) = 328*g**2 - 85*g + 11. List the prime factors of d(-7).
2, 31, 269
Let s(f) = -f**2 - 12*f - 12. Suppose -9 + 39 = -3*v. Let y be s(v). Suppose -y*j = -13*j + 170. List the prime factors of j.
2, 17
Suppose -257*r = -244*r. List the prime factors of ((-130)/(-4))/((-6)/(-168)) + r.
2, 5, 7, 13
Let z(y) = y + 31. Suppose 3*x - 12 + 45 = 0. Let w(b) = -3*b - 92. Let c(t) = x*z(t) - 4*w(t). List the prime factors of c(-13).
2, 7
Let a = 22017 + -14209. What are the prime factors of a?
2, 61
Suppose k + 0*m - 23 = -3*m, -5*k = 2*m - 50. Suppose 14*t - 16*t = -k. What are the prime factors of 6/t + (-213)/(-6)?
37
Let a(m) = 118*m - 102. Let z be a(6). Let w = z + -328. List the prime factors of w.
2, 139
List the prime factors of (-100)/(-60)*(-108)/30 - -43572.
2, 3, 53, 137
Suppose 27*c - 29*c - 306 = 0. Let f = c - -673. What are the prime factors of f?
2, 5, 13
Suppose -3*h - 3*d + 80710 + 33686 = 0, -76254 = -2*h - 4*d. What are the prime factors of h?
11, 3467
Let c = 68 + -64. Suppose 5*t - 710 = 4*a, -t - 3*a = -c*t + 429. Suppose -96 - t = -3*p. List the prime factors of p.
2, 3, 13
Let s(a) = -a**2 + 24*a + 10. Suppose -490*w + 489*w + 21 = 0. List the prime factors of s(w).
73
Suppose 0 = 21*j - 90811 - 180635. List the prime factors of j.
2, 23, 281
Let a(g) = 82*g**2 + 161*g + 1841. What are the prime factors of a(-24)?
53, 853
Let r = 20877 - 12477. What are the prime factors of r?
2, 3, 5, 7
Suppose -58397 = -16*w + 17555. Let q = w - 3275. What are the prime factors of q?
2, 23
Let w(y) = 940*y - 526. What are the prime factors of w(30)?
2, 101, 137
Suppose 9*y + 14 = 4*y - i, 0 = -3*y - 3*i - 18. Let d be 2 - (y - -1 - -49). Let j = 49 + d. What are the prime factors of j?
3
Let m(f) = 2*f**3 + 3*f + 3. Let v be m(-3). Suppose 4*u + 104 = -356. Let z = v - u. What are the prime factors of z?
5, 11
Suppose -12*r + 36 = -8*r. Let j(n) = -n**3 + 9*n**2 + 20*n - 18. List the prime factors of j(r).
2, 3
Suppose l = 4*v - 4*l - 1568, 0 = -4*v - 5*l + 1608. Let s = v - 225. Suppose 0 = 2*a - 4*z - s, 0*a + 5*z - 79 = -a. What are the prime factors of a?
2, 3, 7
Let u(n) = 1243*n + 11907. What are the prime factors of u(31)?
2, 5, 13, 97
List the prime factors of -137 + 485 + (0 - (-7 + -2)).
3, 7, 17
Let h be ((-30)/42)/((-2)/14). Suppose -17 = -4*i - 5. Suppose 0 = 2*j + h*a - i*a - 234, -2*j - 5*a + 222 = 0. What are the prime factors of j?
11
Suppose 0 = 5*s + 5*b - 6*b - 222912, -b - 44584 = -s. What are the prime factors of s?
2, 22291
Let p(f) = 6*f**2 - f - 3. Let s be p(-1). Let t be 1684/s + 2 + -6. Let x = -287 + t. List the prime factors of x.
2, 5, 13
What are the prime factors of ((-6)/42)/((-27)/7675101)?
40609
Let u(i) = -6*i**3 - i**2. Let k be u(1). Let m be 24/42*k/(-2). Suppose -m*h = -5*h + 102. List the prime factors of h.
2, 17
Suppose 1 = -5*y - 4, 3*k + 33 = 3*y. Let m = 65 - 64. List the prime factors of ((-249)/6)/m*k/6.
83
Suppose -15*y + 12*y = 36. What are the prime factors of (-1330)/(-15) - 4/y?
89
Suppose r + 1 = -u + 10, -2*u - 12 = -4*r. Suppose -6 = u*n - 10. Suppose -m - n = -4, -3*x + 2*m + 171 = 0. List the prime factors of x.
59
Let w(k) = -80*k + 1051. List the prime factors of w(-63).
6091
Let p(y) = y**3 + 3*y**2 - 6*y - 16. Let m be p(-4). Let b(u) = -36*u - 1. What are the prime factors of b(m)?
7, 41
Suppose 0 = -3*v - 4*q + 12070, -5*q = -59*v + 62*v - 12065. What are the prime factors of v?
2, 5, 13, 31
Let h(j) = 39*j + 102. Let k be h(28). Suppose -k - 372 = -3*s. What are the prime factors of s?
2, 3, 29
Let s = 19430 - -57522. List the prime factors of s.
2, 9619
Let b = 4949 + -4507. List the prime factors of b.
2, 13, 17
Suppose -16*d - 15*d + 59*d = 470708. List the prime factors of d.
16811
Let r be ((-6)/(-12))/(3/18). Suppose 5*s - r*s + 3*m = 11, -5*s + 17 = 4*m. List the prime factors of -17 + 14 - (s + -64).
2, 3, 5
Let h be 120/(-10)*((-43)/(-2) + -1). Let q = h + 454. List the prime factors of q.
2, 13
Let z(d) = -12*d - 34. Suppose 0 = 4*a + 62 - 6. Let n be z(a). Suppose n - 416 = -3*i + 2*m, 5*m = 2*i - 177. List the prime factors of i.
2, 3
Suppose 0 = -3*r + 4*l, 5*l - 1 = 2*r + 6. Suppose r*g = 9*g - 35. Let s(h) = 10*h - 7. What are the prime factors of s(g)?
3, 7
Let y = -15 - 172. Let k = 991 + y. Suppose 11*g = 439 + k. List the prime factors of g.
113
Let s(b) = -95*b - 111. Let p be s(10). Let g = 1608 + p. List the prime factors of g.
547
Suppose t = 2*j - 56, 5*j = 3*t + 2*t + 145. Let l(k) = -k**3 + 27*k**2 + 29*k + 3. List the prime factors of l(j).
2, 3, 131
Suppose 3*q - 63 = c, 4*c - 3*q + 351 = -c. Let t = 234 + -150. Let g = t + c. What are the prime factors of g?
2, 3
What are the prime factors of (14032/12)/(11/((-33)/(-4)))?
877
Let b(i) = -14*i - 39. Let a(r) = -r - 24. Let d be a(-21). Let c be b(d). Suppose c*p - 2*n = 11, 2*n - 4*n = -5*p + 21. List the prime factors of p.
5
Suppose f - 3*t - 2*t = -7, 0 = -4*t + 12. Suppose f*y - 4*y = 28. Suppose -95 - y = -2*c. List the prime factors of c.
3, 17
Let i = -4300 + 9676. What are the prime factors of i?
2, 3, 7
Let d be (2/(-4))/(1/234). Let n = -99 - d. List the prime factors of (60/n)/1 - 1/3.
3
Let j be 336 - (6 + -4) - -3. Suppose 2*d - 5*a = 497, -5*d - 4*a + 1497 = j. Let o = -161 + d. What are the prime factors of o?
3, 5
What are the prime factors of 1 + 9 - (-61601 - 111/37)?
2, 3, 7, 163
Suppose 106380 = 24*b - 179388. List the prime factors of b.
3, 7
Let t(o) = -1417*o + 5252. List the prime factors of t(-44).
2, 5, 13
Let s be 2 + -1 + 1/2*4. Suppose -s*z + 145 = -284. Suppose -4*d - 5*b = -z, -d - 4*d = -b - 186. List the prime factors of d.
37
Suppose 4*j = 8*j - 12. Suppose 0 = -j*s + 2*f + 3 + 1, 0 = -s + 5*f + 23. List the prime factors of (86/(-4))/(1/s).
43
Let l(n) = 9*n**2 + 103*n + 162. What are the prime factors of l(38)?
2, 11, 97
Let q(b) = 11*b**2 + 452*b + 119. Let x(w) = -4*w**2 - 151*w - 40. Let n(u) = -2*q(u) - 7*x(u). List the prime factors of n(-30).
2, 3, 71
Let d = 148 - -55. Let z(o) = -d + 110 + 41*o**2 + 100 + o. List the prime factors of z(-2).
13
Suppose -16*c + 233916 = -9*c + 12975. List the prime factors of c.
3, 7, 167
Suppose 22*s - 296 = 14290. Suppose 4*m = 3*d + 536, -5*m + s = -0*m - 2*d. What are the prime factors of m?
131
Let x(b) = -b**3 + 14*b**2 + 16*b - 25. Let c be x(15). Let v = 10 + c. Suppose 3*n + 23 - 158 = v. What are the prime factors of n?
3, 5
Let l(n) = -n**3 + 21*n**2 + 9*n + 22. Let m be l(21). Let d = 1684 - m. What are the prime factors of d?
3, 491
Let p = 55790 + -3520. What are the prime factors of p?
2, 5, 5227
Let v = 554 - 214. Suppose -3*r - 127 = 5*u - 386, 4*r + 4*u - v = 0. List the prime factors of r.
83
Let w be (-2)/12 - (-772)/24. Suppose 2*s + w = l + 487, l = -3*s + 695. What are the prime factors of s?
2, 5, 23
Let w = -5064 + 7901. List the prime factors of w.
2837
List the prime factors of (14 - 23)*24/(-36) + 71068/2.
2, 5, 1777
What are the prime factors of (-564156)/(-21) - (-21)/(1764/(-48))?
2, 23, 73
Suppose 263665 + 171648 = 45*f - 123632. What are the prime factors of f?
12421
Let l be ((-344)/215)/((-4)/10). Suppose 0*z - 8 = -z + 3*a, 3*z + l*a - 63 = 0. List the prime factors of z.
17
Let w(f) = 49*f**2 - 22. Let s be w(6). Suppose 8*n - 2130 = s. List the prime factors of n.
2, 11
Let q be (-66)/231 - 5/7. What are the prime factors of 44/12*(-68 + -4)*q?
2, 3, 11
Let z(b) be the first derivative of 27*b**2 + 6*b + 3. Let c be z(15). Suppose 2*r = -4*r + c. Wh